1. Let k = j - 273. What is the highest common divisor of k and r?
22
Suppose -2*r - 29541 = -5*t, -4*r - 3633 = -3*t + 14086. Calculate the highest common factor of 1244 and t.
311
Let q = 130 - -17. Suppose -4*p - 3*f = -114 - q, p = -f + 66. What is the highest common divisor of p and 42?
21
Suppose 0 = -4*f + 4*l + 1604, -l + 778 = -41*f + 43*f. Calculate the highest common divisor of 18 and f.
3
Suppose 2*d + g + 80 = -0*g, -3*g = 5*d + 198. Let c be 2*1/2*46. Let z = c + d. What is the highest common divisor of 6 and z?
2
Let u = 25 + -23. Suppose -3*w + u*g + g + 105 = 0, 5*g = 25. Let c be (45/w*4)/(1/10). Calculate the highest common divisor of 30 and c.
15
Let o be (-4)/(-7)*315/(31 + -22). Suppose 5*b - 72 = 3. Let s = b + -10. Calculate the greatest common divisor of s and o.
5
Suppose -17*p - 29*p + 966 = 0. Let c be 6/(-36) + (-103)/(-6). Let q be c/5 - 2/5. What is the highest common divisor of q and p?
3
Suppose 269 + 137 = -5*g - 4*b, 0 = 5*g - b + 411. Let d = g + 208. Suppose 11*s = 5*s + d. What is the greatest common factor of 21 and s?
21
Let z be ((-4)/6)/(-12 - 829438/(-69120)). What is the highest common factor of z and 180?
180
Let m = -807 - -1046. Calculate the highest common divisor of m and 3.
1
Suppose 0 = c - 990 + 361. Suppose -2*i + 46 = 4*u, 4*u - 111*i - 90 = -109*i. What is the greatest common factor of u and c?
17
Let d be ((-22)/(-33) - (-2249)/(-3))*-1. Suppose 48*s = d + 1315. What is the highest common divisor of 817 and s?
43
Let o(j) = 341*j**2 - 8*j - 15. Let c be o(-3). Calculate the highest common divisor of c and 18.
18
Let x = 12890 + -12863. Calculate the highest common factor of x and 15363.
27
Let j = -158 - -162. Let d be j/10*39/((-429)/(-880)). What is the greatest common factor of d and 544?
32
Suppose 0 = -4*o + m + 152, -138 + 15 = -3*o + 3*m. Let d = 53 - o. Let j = -7 + 119. What is the greatest common divisor of j and d?
16
Let v(g) = g + 23. Let h = -19 - -22. Let n be -3 + h + 2 + -9. Let y be v(n). Calculate the greatest common factor of 32 and y.
16
Let o(p) = -55*p + 19. Suppose 3 = -2*c - 3. Let f be o(c). Suppose f = 4*l - 416. Calculate the greatest common divisor of l and 60.
30
Let r(d) = d**2 + 9*d + 39. Let o be r(-6). Suppose g = -t + o, -2*t + 105 = 5*g + t. Calculate the greatest common factor of g and 168.
21
Suppose 14*m - 136 = 10*m - 2*x, -2*x = 5*m - 170. Let s(o) = 3*o**3 - 102*o**2 + 3. Let p be s(m). What is the greatest common factor of p and 8?
1
Let s = -56 - -68. Let r be 10/2 + s/(-4). Suppose -98 = -r*q - 5*q. Calculate the highest common factor of 224 and q.
14
Suppose 0 = -590*s + 72*s + 381766. Calculate the greatest common divisor of s and 319.
11
Let s be (-111)/370*(1 + -21) - -8580. Calculate the greatest common factor of s and 324.
162
Suppose 0*u + 1098 = 9*u. Let r = 435 - u. Suppose -4*g = l - r, 3*l + 222 = 4*g - 71. What is the highest common divisor of g and 11?
11
Suppose -67 = -12*h + 533. Let v be -48 + -4 - (2 - 2). Let s = v - -72. What is the greatest common divisor of s and h?
10
Let w = 191 + 1475. What is the highest common divisor of w and 34?
34
Suppose -l + 633 = -2425. Calculate the highest common divisor of l and 11.
11
Suppose -6*q + 4148 = -23*q. Let b = q - -628. What is the greatest common divisor of 24 and b?
24
Let d = -87 + 94. Let k be 1 + -5 + 6 + 94/2. What is the greatest common factor of d and k?
7
Let p = 6 + -4. Let z(a) = 32*a + 2. Let m be z(p). Let w be 3296/20 + (-1)/(-5). Calculate the highest common divisor of w and m.
33
Suppose 2*n + 5*i - 498 = 480, 5*n + 5*i = 2460. Suppose -5*c + 89 + 41 = 0. Calculate the highest common divisor of n and c.
26
Suppose 2*z - 464 = -2*b, -2*b + 270 = -3*z - 224. Calculate the highest common factor of b and 952.
238
Let m be (-2)/8 + 623/28. Let p = m + 2. Let s(b) = -40*b - 868. Let v be s(-22). Calculate the greatest common divisor of v and p.
12
Suppose -420*n + 7584 = -417*n. Calculate the highest common factor of 112 and n.
16
Let g(h) = h**3 + 84*h**2 + 80*h - 136. Let a be g(-83). Calculate the highest common factor of 1017 and a.
113
Let a = -125 - -215. Let j = -8 - -10. Suppose -3*d + l + 25 = 0, -45 = -3*d - j*d + l. What is the highest common factor of a and d?
10
Suppose 0*c - 2*c = -d + 5402, 4*c = 29*d - 156334. Calculate the greatest common divisor of 350 and d.
70
Let l be (-190)/114 + 628/6. Calculate the highest common factor of 4738 and l.
103
Let x(c) = 2*c**3 - 3*c**2 + 8*c - 8. Let i = 8 + -4. Let z be x(i). Calculate the greatest common divisor of 4 and z.
4
Suppose -2*b + 15 + 25 = 0. Suppose -2*q - 3*m = m - 8, 5*q = m + b. Suppose 56 = -7*g + 14*g. Calculate the greatest common factor of g and q.
4
Suppose -4*h + 819 = -129. Suppose 1628 = 11*x + 8*x - 158. Let q = h - x. What is the highest common factor of q and 13?
13
Let y(o) = o**3 - 7*o**2 - 3*o - 8. Let l be y(8). Let w be (-15 + -2 + 5)/1. Let s = w + 44. Calculate the highest common divisor of l and s.
32
Let o(h) = 365*h**2 + 4*h - 1. Let y be o(-1). Let x = 605 - y. Calculate the highest common divisor of 98 and x.
49
Suppose 0*x + 2080 = 4*s + x, 2*x = -4*s + 2080. Let n be ((-1)/2)/((-66)/660). Calculate the greatest common divisor of n and s.
5
Let j = 23103 - 22482. What is the highest common divisor of j and 368?
23
Suppose -72 = z - 488. Let w(k) = -2*k**3 + 21*k**2 + 14*k + 296. Let d be w(12). What is the highest common factor of d and z?
32
Let s = -34 + 46. Let v = 176 + -67. Suppose v = 4*j - 83. What is the highest common divisor of j and s?
12
Let s = 254 - 252. Let p be -3 - ((0 - 14) + 8/s). Calculate the greatest common divisor of p and 14.
7
Suppose 0 = -3*y - 6, -752 + 3802 = 3*u - 4*y. Suppose 0 = 7*x - 4*x - u. Calculate the highest common divisor of x and 26.
26
Let q = -45968 + 46168. Calculate the greatest common factor of 3350 and q.
50
Let u = -379 - -221. Let w = u + 422. Calculate the highest common factor of 198 and w.
66
Let j(t) = t - 7. Let d(n) = -n**3 - 9*n**2 + 2*n + 29. Let v be d(-9). Let s be j(v). Let i = s - -24. Calculate the highest common divisor of i and 8.
4
Let i be ((-3)/6)/(47/(-16) + 3). Let z(h) = h**3 + 8*h**2 - 3*h - 12. Let d be z(i). Let c = -4 - -7. What is the highest common divisor of d and c?
3
Let q(y) = -17 + 36 - 24 + y. Let r be q(8). Suppose r*h - 102 = 51. What is the greatest common factor of 17 and h?
17
Suppose -3*v + 260 = z, -230*z - 4*v - 1376 = -235*z. Suppose -3*x = -5*q + 501, -4*q - x + 420 = 3*x. Calculate the highest common factor of z and q.
34
Let n = -16179 + 16432. Suppose -4*q = -4*x + 80, 0 = 3*x - 2*x - 5*q - 12. Calculate the highest common divisor of n and x.
11
Suppose -3*h - 175 = -5*v, -4*h - v + 74 - 292 = 0. Let k = 61 + h. Let p be (25 - 4) + (0 - 3). Calculate the greatest common factor of p and k.
6
Let l(o) = -o**2 - 5*o + 1173. Let w be l(0). Suppose -18*y = 5*y - w. What is the highest common factor of y and 85?
17
Suppose 8*f - 20*f + 336 = 0. Let p be f - -9*(-16)/24. What is the greatest common factor of 110 and p?
22
Let v(s) = -s**2 - 8*s + 44. Let b be v(-11). Let z be (-5 - (4 + -7)) + -163. Let l = -77 - z. What is the greatest common divisor of l and b?
11
Let k be 16 - -4*4/16. Suppose 0 = -14*t + k*t - 3. Calculate the highest common factor of 20 and t.
1
Let f = -29044 + 29053. Calculate the greatest common divisor of f and 2502.
9
Suppose -5*s = 3*x + x + 4, 4*x - 2*s - 24 = 0. Suppose 3*i - x*u = -8*u + 41, -16 = -3*i + u. What is the greatest common divisor of 7 and i?
7
Suppose 5*w - 32 - 138 = 0. Suppose -9 + w = 5*z. Suppose z*s - 41 = 3*h, 4*s + 7 = 5*s - h. Calculate the highest common divisor of s and 2.
2
Let d = 208 + -151. Let z = 59 + -40. What is the greatest common divisor of z and d?
19
Suppose 2*r + 3*i = 198, 0 = -r - 3*i + i + 97. Suppose -3*s + 35 = -2*s. What is the greatest common divisor of s and r?
35
Suppose -5*s + 100 = 4*g, -3*g - 4 = -2*s + 13. Let l be ((-104)/s*2)/((-1)/5). Calculate the highest common factor of l and 39.
13
Let n(l) = -l**2 - 96*l - 2113. Let r be n(-60). Let v be (-188)/6*(-6)/4. Calculate the greatest common divisor of v and r.
47
Let m = 114 - 39. Let j be 34/10 - (-6)/(-15). Suppose 0 = 5*p - j*p - 60. What is the highest co